er?
False
Let c = 826 - 767. Is c a composite number?
False
Let p(a) = -a**3 - 10*a**2 + 2. Let l be p(-10). Let u(b) = 941*b + 1. Is u(l) a composite number?
True
Let l = 3780 - 1265. Is l a composite number?
True
Suppose -b + 40 = -5*v + 3*b, -24 = 3*v - 5*b. Let s(u) be the first derivative of u**3/3 - 2*u**2 - 7*u - 5. Is s(v) a prime number?
True
Suppose -4*h + 25*b = 29*b - 92564, -46270 = -2*h + b. Is h a composite number?
True
Let k = -545 - -9958. Is k a composite number?
False
Suppose -3*d - 8 = -2*g, 4 = g + 5*d - 4*d. Let f(r) = 66*r - 1. Let v be f(4). Suppose 1016 = g*o - 4*a, -o = 3*a - a - v. Is o a composite number?
False
Is 280420/(-175)*5/(-2) prime?
False
Let p = -416 + 5547. Is p prime?
False
Let v(k) be the first derivative of 16/3*k**3 + 6*k**2 - 1/4*k**4 - 7*k - 3. Is v(12) composite?
True
Let k be (-16)/5 - 1*(-3)/15. Let o(h) = 36*h**2 + 0 + 1 - 5 - 5*h. Is o(k) composite?
True
Let i(g) = 6*g**3 + 39*g**2 + 16*g + 3. Is i(8) composite?
True
Suppose -15757 = -7*n + 2*n + 2*q, 5*n + 3*q = 15752. Is n prime?
False
Suppose -30 = 4*w - 10*w. Is (-2)/w*1255/(-2) a composite number?
False
Suppose 3*i = -w + 17, -4*w + 4*i + 28 = w. Suppose 327 = 11*f - w*f. Is f a prime number?
True
Suppose -3*z - 4*z = 826. Is (455/(-10))/7*z composite?
True
Let m be 19344/10 + (48/(-30))/4. Suppose m + 1338 = 4*x. Is x composite?
True
Suppose 3 = y - 2. Suppose -4*t + 140 = -l + 5*l, -t - y*l = -27. Is t a composite number?
False
Let b(q) = -q**2 + 18*q - 22. Suppose 0 = 4*d - p - 17, 5*p - 16 = -1. Suppose d*x + 2*h + 32 = 105, -17 = -x + 2*h. Is b(x) composite?
False
Let k = 9765 - 6557. Let v = -2007 + k. Is v prime?
True
Let f(w) = -w**2 + 2*w + 7. Let n be f(5). Let y be n + 3*8/6. Is 10*(-1 - 42/y) prime?
False
Let b(q) = -331*q - 46. Let s(o) = -330*o - 45. Let c(g) = 5*b(g) - 6*s(g). Is c(9) a composite number?
True
Let a(y) = 658*y**2 + 24*y + 29. Is a(-6) a composite number?
True
Suppose l - 2*l + 13 = 0. Let v = -366 + 346. Let k = l - v. Is k composite?
True
Let i(c) = -730*c + 38. Let u be i(-6). Suppose 0*w + 7356 = 5*o + w, -5*w = 3*o - u. Is o a composite number?
False
Suppose 274 = 3*s - 3503. Is s prime?
True
Let l = -337 - -227. Is (-20)/l + (-2055)/(-11) prime?
False
Suppose -8 = 2*j - 0*j - 4*g, 2*j - 1 = g. Suppose -844 = -j*s - 2*s. Is s a composite number?
False
Suppose -3*c - 2*q + 66 = -7, 0 = 3*c - 5*q - 38. Is 4/14 + (2430/c - 1) a composite number?
True
Let g(h) = 345*h - 49. Let y be (6/(-5))/(0 - 3/15). Is g(y) prime?
False
Let d = 33 + -29. Let j be (11 + -3)/2 - d. Suppose -3*p + 8*p - 1865 = j. Is p composite?
False
Let g(m) = -101*m**3 - 9*m**2 - 27*m - 1. Is g(-6) prime?
False
Let r be (1 - 7)/(9/(-6)). Let k be -6*r/8*-1. Is (k - (-16)/(-4))*-127 prime?
True
Let u = 1259 - 1197. Is u a prime number?
False
Let h be 15 + 7/((-7)/4). Let x = -9 + h. Suppose k = -2 + 4, -x*k + 203 = g. Is g a prime number?
True
Let x(w) be the first derivative of -w**4/4 + 5*w**3 - 8*w**2 - 15*w + 1. Let k(z) = 15*z**2 + 3*z + 1. Let p be k(-1). Is x(p) prime?
False
Let o = -209 - -582. Let b = o + -75. Is b a prime number?
False
Suppose 61*b - 189499 = -10*b. Is b a prime number?
False
Suppose -19*b - 174 = -21*b. Suppose 183 = -9*t - b. Let y = 61 + t. Is y a prime number?
True
Let z = 67 + -62. Suppose -280 - 170 = -5*i - 3*m, -4*i + 323 = -z*m. Is i prime?
False
Suppose 0 = 52*s - 59*s + 2779. Is s prime?
True
Let f(x) = 4*x**2 - x - 2. Let m be f(-1). Let c(w) = 20*w**3 - 8*w**2 + 3*w + 4. Is c(m) prime?
False
Suppose -o + 11 = 40. Let a = o - -34. Let w(v) = 26*v**2 + 7*v - 8. Is w(a) a composite number?
False
Suppose -6 = 2*v - 14. Suppose -5*l + 8*l - 3841 = 5*w, -v*l = -4*w - 5116. Is l a prime number?
True
Suppose -2 = -2*u + 22. Let z(q) = 192*q + 35. Is z(u) prime?
True
Suppose -g + 2403 = 5958. Let n = 5758 + g. Is n prime?
True
Let w(r) = 175*r**3 + 2*r - 1. Let h be w(1). Let o = -19 + h. Is o a prime number?
True
Let d = 13557 - 8059. Is d prime?
False
Let t(q) = -7*q**2 + 6*q - 5. Let i be 40/35*(-7)/(-2). Let y be t(i). Is -2 + -1 - (y + -1) composite?
True
Let j(c) = -3*c + 2. Let x be j(-5). Suppose 301 = -16*l + x*l. Is l a composite number?
True
Suppose -8450 = -2*h + q - 4*q, 3*h + 4*q = 12675. Suppose -4*f + f - 5*d = -4213, h = 3*f + 2*d. Is f prime?
False
Is (29644/(-12))/(-5 + (-84)/(-18)) a prime number?
True
Let l be 2/(-1) - 18/(-3). Suppose l*q - 5*c + 200 = 3709, 4*c - 4335 = -5*q. Is q a composite number?
True
Suppose 3*a - 9235 = -d, -4*d + 7*d = -4*a + 12310. Is a a composite number?
False
Let n(g) = 6*g + 25. Let f be n(-10). Is (f - -6)*(-1 - 6) prime?
False
Let s(w) = -w**3 + 8*w**2 - w - 7. Let l be s(8). Let u(i) = i**2 - 5*i - 1. Is u(l) composite?
True
Is (251072/96)/((-4)/(-30)) composite?
True
Let t = -68 + 70. Is (-3 - (44/(-6) + t))*807 prime?
False
Let v(h) = 84*h**2 - 16*h - 273. Is v(-10) a composite number?
False
Let n be ((-372)/8)/(9/24). Is n/(-8)*1*10 prime?
False
Suppose -4*u + 1010 = 2*q, 0 = -q - 3*u + 293 + 211. Suppose 3*d - q = -0*d. Suppose d - 400 = -3*v. Is v prime?
False
Let t(f) = f - 9. Let w be t(11). Suppose l - 2361 = -w*l. Is l composite?
False
Let p = 1160 - 2393. Let f = -826 - p. Is f prime?
False
Let a be (-6)/((-1)/((-12)/(-8))). Suppose 0 = -a*n - 635 + 12731. Let h = n - 631. Is h composite?
True
Is (856060/25)/4 + 2/5 prime?
False
Is -3*2/(-2*21/174349) a composite number?
False
Let l be (35/14)/((-1)/(-2)). Suppose 4*q = l*q. Let f(d) = -d**2 - 3*d + 887. Is f(q) prime?
True
Is -1671*37*4/(-36)*3 a prime number?
False
Is 8/(-144)*-9*18962 a composite number?
True
Suppose 0 = -15*d + 14*d + 474. Suppose 0 = 5*x - 321 - d. Is x composite?
True
Is 5/((3 - (5 + -4))/7186) a prime number?
False
Let k be ((-46)/3 + 1)*(5 - 8). Is 4 + (k - -2 - -4) a prime number?
True
Let b(f) = 1198*f**2 + 10*f - 165. Is b(9) a prime number?
False
Let y(j) = 1458*j**2 - 2*j + 3. Let o be y(1). Suppose 0 = -w + 2*w - o. Is w a composite number?
False
Let p = -12 + 24. Suppose -1806 = 2*d + 3*i, -4*d = -0*i + 5*i + 3612. Is d*(3 + (-40)/p) a prime number?
False
Suppose -4*u - m + 3*m = -374, u - 98 = -m. Let o be (-15)/(-6) + 4/(-8). Suppose -o*j + u = -47. Is j composite?
False
Let v be 4*6/1 - 2. Let s = v + -18. Suppose 0*g - g = -s, 5*g - 41 = -b. Is b a composite number?
True
Suppose 4*z - 2*z = a + 3883, -4*z - 3*a + 7771 = 0. Suppose z = -r + 3*r. Is r a prime number?
True
Let a(s) = 60859*s**2 + 13*s - 13. Is a(1) a prime number?
True
Let u(g) = -15*g - 2. Let x(k) = k + 7. Let w be x(-5). Suppose -5*a - 9 = w*r, -r - 6 = 4*a + r. Is u(a) prime?
True
Let b(h) = 3*h**2 + 13*h + 2321. Let g(l) = l**2 + 6*l + 1161. Let x(j) = -2*b(j) + 5*g(j). Is x(0) prime?
True
Suppose v - 5*u = -28, -7 = 2*v + 2*v + u. Let s be 3 + 700 - (v + 0). Suppose x + 181 = d + 3*x, 4*d - x = s. Is d a composite number?
True
Suppose 2*f = -3*k + 16513, -5*k = -9*k - 5*f + 22008. Is k prime?
True
Let g(x) = -8*x**3 + x**2 + x - 2. Let j be g(1). Is ((-298)/(-6))/(j/(-24)) a prime number?
True
Let p = 93 - -18. Let q be (-2)/1 - (-332 - -8). Suppose s + p = q. Is s composite?
False
Suppose -5*p = -4*g + 22369, 5*p - 5586 = -g - 0*p. Is g prime?
True
Suppose 3*n - b + 3*b = 10792, 5*n - 17985 = -3*b. Suppose -o = -x - n, 6*o - o - 17971 = 4*x. Is o a composite number?
True
Let q = -15 - -15. Suppose -3*l + 6*l - 267 = q. Is l composite?
False
Let n be (4/(-6))/(2/(-834)). Let g = -138 + n. Suppose 0 = a - 4*w - 85, 2*a - 2*w + 0*w - g = 0. Is a prime?
False
Let z be 1/2*(1 - -3). Suppose 0 = 2*p + o - 7, 2*p - 11 - 11 = z*o. Is 2/p + (-195)/(-9) composite?
True
Suppose 0 = w + 37 - 35. Is (-6 + 892)/(w/(-1)) composite?
False
Let a = 14 + -6. Let o(q) be the first derivative of q**3 - 4*q**2 + 11*q - 2. Is o(a) prime?
True
Let d be 16/6*(-9)/3. Let r(j) = -j**2 - 8*j + 4. Let s be r(d). Suppose 3*v + 23 = s*v. Is v a prime number?
True
Let p(m) = 1047*m**2 + 6*m - 41. Is p(-8) composite?
False
Let p(r) = r. Let c(i) = 80*i - 5. Let w(q) = c(q) + 2*p(q). Is w(6) a composite number?
False
Suppose 65 = 4*s + s. Let m = s - 8. Suppose -m*f + 2*o + 321 + 314 = 0, 0 = f - o - 127. Is f a composite number?
False
Let q(n) = 4*n**2 + 20*n - 1. Let z be q(-8). Let k = z + -26. Is k prime?
False
Le